{"id":4106,"date":"2021-11-08T14:18:11","date_gmt":"2021-11-08T14:18:11","guid":{"rendered":"https:\/\/metc.ie\/?page_id=4106"},"modified":"2025-07-24T14:11:26","modified_gmt":"2025-07-24T14:11:26","slug":"foi-2","status":"publish","type":"page","link":"https:\/\/metc.ie\/index.php\/foi-2\/","title":{"rendered":"An tAcht um Shaor\u00e1il Faisn\u00e9ise  \/ Freedom of Information Act"},"content":{"rendered":"\t\t<div data-elementor-type=\"wp-page\" data-elementor-id=\"4106\" class=\"elementor elementor-4106\">\n\t\t\t\t\t\t<section class=\"elementor-section elementor-top-section elementor-element elementor-element-b5b465b elementor-section-boxed elementor-section-height-default elementor-section-height-default\" data-id=\"b5b465b\" data-element_type=\"section\" data-e-type=\"section\">\n\t\t\t\t\t\t<div class=\"elementor-container elementor-column-gap-default\">\n\t\t\t\t\t<div class=\"elementor-column elementor-col-100 elementor-top-column elementor-element elementor-element-132a4e0\" data-id=\"132a4e0\" data-element_type=\"column\" data-e-type=\"column\">\n\t\t\t<div class=\"elementor-widget-wrap elementor-element-populated\">\n\t\t\t\t\t\t<div class=\"elementor-element elementor-element-e696588 elementor-widget elementor-widget-text-editor\" data-id=\"e696588\" data-element_type=\"widget\" data-e-type=\"widget\" data-widget_type=\"text-editor.default\">\n\t\t\t\t<div class=\"elementor-widget-container\">\n\t\t\t\t\t\t\t\t\t<p style=\"text-align: center;\">Th\u00e1inig Ionad Oideachais Mhuineach\u00e1in faoi r\u00e9ir an Achta um Shaor\u00e1il Faisn\u00e9ise 1997 le h\u00e9ifeacht \u00f3n 31 Bealtaine, 2006.<\/p><p style=\"text-align: center;\">Clice\u00e1il\u00a0<a href=\"https:\/\/drive.google.com\/file\/d\/1yclXnPhsoJnyCmIbUVk7G2QNtHGIfkgM\/view?usp=sharing\">ANSEO<\/a> , le do thoil, chun \u00e1r L\u00e1mhleabhar um Shaor\u00e1il Faisn\u00e9ise a l\u00e9amh.<\/p><p style=\"text-align: center;\">Clice\u00e1il\u00a0<a href=\"https:\/\/www.gov.ie\/en\/organisation-information\/1e52cb-access-to-information-on-the-environment-aie\/\">ANSEO<\/a> , le do thoil, chun an doicim\u00e9ad Rochtain ar Fhaisn\u00e9is faoin gComhshaol a l\u00e9amh.<\/p><p style=\"text-align: center;\">Is \u00ed Teresa McSorley \u00e1r nOifigeach um Rochtain ar Fhaisn\u00e9is faoin gComhshaol. Is iad a sonra\u00ed teagmh\u00e1la\u00a0<a href=\"mailto:director@metc.ie\">director@metc.ie<\/a>\u00a0agus 047 47000.<\/p><p style=\"text-align: center;\">M\u00e1s mian leat fiosr\u00fa a dh\u00e9anamh faoi mh\u00edr ar bith faoi Shaor\u00e1il Faisn\u00e9ise seol r\u00edomhphost chuig an Ionad ag\u00a0<a href=\"mailto:director@metc.ie\">director@metc.ie<\/a><\/p><p style=\"text-align: center;\">Go raibh maith agat.<\/p><p>\u00a0<\/p><p class=\"MsoNormal\" style=\"line-height: normal; text-align: center;\">The Monaghan Education Centre became subject to the Freedom of Information Act 1997 with effect from May 31st, 2006.<\/p><p class=\"MsoNormal\" style=\"line-height: normal; text-align: center;\">Please click\u00a0<a href=\"https:\/\/drive.google.com\/file\/d\/1yclXnPhsoJnyCmIbUVk7G2QNtHGIfkgM\/view?usp=sharing\">HERE<\/a>\u00a0to read our\u00a0Freedom of Information\u00a0Manual.<\/p><p class=\"MsoNormal\" style=\"line-height: normal; text-align: center;\">Please click\u00a0<a href=\"https:\/\/www.gov.ie\/en\/organisation-information\/1e52cb-access-to-information-on-the-environment-aie\/\">HERE<\/a>\u00a0to read the\u00a0Access to Information on the Environment\u00a0document.<\/p><p class=\"MsoNormal\" style=\"line-height: normal; text-align: center;\">Our Access to Information on the Environment officer is Teresa McSorley. Her contact details are <a href=\"mailto:director@metc.ie\">director@metc.ie<\/a> and 047 47000.<\/p><p class=\"MsoNormal\" style=\"line-height: normal; text-align: center;\">If you wish to make an enquiry about any item under Freedom of Information please email the Centre at\u00a0<a href=\"mailto:director@metc.ie\">director@metc.ie<\/a><\/p><p style=\"text-align: center;\">Thank you.<\/p>\t\t\t\t\t\t\t\t<\/div>\n\t\t\t\t<\/div>\n\t\t\t\t\t<\/div>\n\t\t<\/div>\n\t\t\t\t\t<\/div>\n\t\t<\/section>\n\t\t\t\t<section class=\"elementor-section elementor-top-section elementor-element elementor-element-5508497 elementor-section-boxed elementor-section-height-default elementor-section-height-default\" data-id=\"5508497\" data-element_type=\"section\" data-e-type=\"section\">\n\t\t\t\t\t\t<div class=\"elementor-container elementor-column-gap-default\">\n\t\t\t\t\t<div class=\"elementor-column elementor-col-50 elementor-top-column elementor-element elementor-element-bc9b639\" data-id=\"bc9b639\" data-element_type=\"column\" data-e-type=\"column\">\n\t\t\t<div class=\"elementor-widget-wrap elementor-element-populated\">\n\t\t\t\t\t\t<div class=\"elementor-element elementor-element-4105bbd elementor-widget elementor-widget-image\" data-id=\"4105bbd\" data-element_type=\"widget\" data-e-type=\"widget\" data-widget_type=\"image.default\">\n\t\t\t\t<div class=\"elementor-widget-container\">\n\t\t\t\t\t\t\t\t\t\t\t\t\t\t\t<img decoding=\"async\" width=\"349\" height=\"81\" src=\"https:\/\/metc.ie\/wp-content\/uploads\/2021\/11\/ESCI_logo2.jpg\" class=\"attachment-large size-large wp-image-4128\" alt=\"\" srcset=\"https:\/\/metc.ie\/wp-content\/uploads\/2021\/11\/ESCI_logo2.jpg 349w, https:\/\/metc.ie\/wp-content\/uploads\/2021\/11\/ESCI_logo2-300x70.jpg 300w\" sizes=\"(max-width: 349px) 100vw, 349px\" \/>\t\t\t\t\t\t\t\t\t\t\t\t\t\t\t<\/div>\n\t\t\t\t<\/div>\n\t\t\t\t\t<\/div>\n\t\t<\/div>\n\t\t\t\t<div class=\"elementor-column elementor-col-50 elementor-top-column elementor-element elementor-element-11f0c3f\" data-id=\"11f0c3f\" data-element_type=\"column\" data-e-type=\"column\">\n\t\t\t<div class=\"elementor-widget-wrap elementor-element-populated\">\n\t\t\t\t\t\t<div class=\"elementor-element elementor-element-b4ceee8 elementor-widget elementor-widget-image\" data-id=\"b4ceee8\" data-element_type=\"widget\" data-e-type=\"widget\" data-widget_type=\"image.default\">\n\t\t\t\t<div class=\"elementor-widget-container\">\n\t\t\t\t\t\t\t\t\t\t\t\t\t\t\t<img decoding=\"async\" width=\"210\" height=\"97\" src=\"https:\/\/metc.ie\/wp-content\/uploads\/2021\/09\/Department-logo-2021.png\" class=\"attachment-large size-large wp-image-4050\" alt=\"\" \/>\t\t\t\t\t\t\t\t\t\t\t\t\t\t\t<\/div>\n\t\t\t\t<\/div>\n\t\t\t\t\t<\/div>\n\t\t<\/div>\n\t\t\t\t\t<\/div>\n\t\t<\/section>\n\t\t\t\t<\/div>\n\t\t","protected":false},"excerpt":{"rendered":"<p>Th\u00e1inig Ionad Oideachais Mhuineach\u00e1in faoi r\u00e9ir an Achta um Shaor\u00e1il Faisn\u00e9ise 1997 le h\u00e9ifeacht \u00f3n 31 Bealtaine, 2006. Clice\u00e1il\u00a0ANSEO , le do thoil, chun \u00e1r L\u00e1mhleabhar um Shaor\u00e1il Faisn\u00e9ise a l\u00e9amh. Clice\u00e1il\u00a0ANSEO , le do thoil, chun an doicim\u00e9ad Rochtain ar Fhaisn\u00e9is faoin gComhshaol a l\u00e9amh. Is \u00ed Teresa McSorley \u00e1r nOifigeach um Rochtain ar<\/p>\n<p class=\"more-link\"><a href=\"https:\/\/metc.ie\/index.php\/foi-2\/\" class=\"themebutton\">Read More<\/a><\/p>\n","protected":false},"author":3,"featured_media":0,"parent":0,"menu_order":0,"comment_status":"closed","ping_status":"closed","template":"","meta":{"footnotes":""},"categories":[],"tags":[],"class_list":["post-4106","page","type-page","status-publish","hentry"],"_links":{"self":[{"href":"https:\/\/metc.ie\/index.php\/wp-json\/wp\/v2\/pages\/4106","targetHints":{"allow":["GET"]}}],"collection":[{"href":"https:\/\/metc.ie\/index.php\/wp-json\/wp\/v2\/pages"}],"about":[{"href":"https:\/\/metc.ie\/index.php\/wp-json\/wp\/v2\/types\/page"}],"author":[{"embeddable":true,"href":"https:\/\/metc.ie\/index.php\/wp-json\/wp\/v2\/users\/3"}],"replies":[{"embeddable":true,"href":"https:\/\/metc.ie\/index.php\/wp-json\/wp\/v2\/comments?post=4106"}],"version-history":[{"count":32,"href":"https:\/\/metc.ie\/index.php\/wp-json\/wp\/v2\/pages\/4106\/revisions"}],"predecessor-version":[{"id":7159,"href":"https:\/\/metc.ie\/index.php\/wp-json\/wp\/v2\/pages\/4106\/revisions\/7159"}],"wp:attachment":[{"href":"https:\/\/metc.ie\/index.php\/wp-json\/wp\/v2\/media?parent=4106"}],"wp:term":[{"taxonomy":"category","embeddable":true,"href":"https:\/\/metc.ie\/index.php\/wp-json\/wp\/v2\/categories?post=4106"},{"taxonomy":"post_tag","embeddable":true,"href":"https:\/\/metc.ie\/index.php\/wp-json\/wp\/v2\/tags?post=4106"}],"curies":[{"name":"wp","href":"https:\/\/api.w.org\/{rel}","templated":true}]}}